s of 3270513251?
29, 541, 208459
List the prime factors of 2707474628.
2, 676868657
What are the prime factors of 793383442?
2, 619, 640859
List the prime factors of 184806054.
2, 3, 59, 174017
List the prime factors of 6834367721.
6834367721
What are the prime factors of 192064405?
5, 13, 79, 113, 331
List the prime factors of 34295367.
3, 11431789
What are the prime factors of 530070637?
530070637
List the prime factors of 61770427.
37, 1669471
List the prime factors of 3127747903.
7, 446821129
What are the prime factors of 1297330635?
3, 5, 281, 347, 887
List the prime factors of 1493435418.
2, 3, 127, 1959889
What are the prime factors of 343915575?
3, 5, 4585541
List the prime factors of 229911889.
421, 546109
List the prime factors of 10077878.
2, 5038939
What are the prime factors of 7832989?
7832989
What are the prime factors of 10128523?
997, 10159
List the prime factors of 150590413.
167, 901739
What are the prime factors of 535676443?
17, 19, 1658441
List the prime factors of 275596179.
3, 8669, 10597
List the prime factors of 2987875515.
3, 5, 89, 2238109
List the prime factors of 714099504.
2, 3, 14877073
What are the prime factors of 46738045?
5, 9347609
What are the prime factors of 32209284?
2, 3, 659, 4073
List the prime factors of 1894615326.
2, 3, 1091, 32159
What are the prime factors of 4309435?
5, 13, 167, 397
List the prime factors of 308296659.
3, 11, 9342323
What are the prime factors of 1185549863?
199, 1069, 5573
What are the prime factors of 164670591?
3, 54890197
List the prime factors of 1396527538.
2, 7, 29, 383, 1283
What are the prime factors of 18685176?
2, 3, 17, 41, 1117
List the prime factors of 5939379679.
41, 239, 606121
What are the prime factors of 670032557?
167, 4012171
What are the prime factors of 11648100?
2, 3, 5, 41, 947
What are the prime factors of 545438961?
3, 43, 469801
What are the prime factors of 51010412?
2, 23, 24107
List the prime factors of 40953120.
2, 3, 5, 13, 6563
List the prime factors of 45080042.
2, 7, 3220003
List the prime factors of 261721719.
3, 7, 1013, 1367
What are the prime factors of 3379889955?
3, 5, 13, 19, 912251
List the prime factors of 5439668902.
2, 59, 46098889
List the prime factors of 6385949655.
3, 5, 23, 18509999
List the prime factors of 32765870.
2, 5, 3276587
List the prime factors of 3841969564.
2, 5507, 174413
List the prime factors of 5461287635.
5, 15889, 68743
What are the prime factors of 1535815556?
2, 11, 41, 53, 16063
What are the prime factors of 669894756?
2, 3, 181, 308423
List the prime factors of 57257920.
2, 5, 178931
List the prime factors of 462327893.
19, 31, 241, 3257
What are the prime factors of 2076158712?
2, 3, 71, 467, 2609
List the prime factors of 182469204.
2, 3, 137, 36997
List the prime factors of 470915640.
2, 3, 5, 13, 17, 1973
List the prime factors of 80731233.
3, 11, 127, 6421
List the prime factors of 165032433.
3, 89, 206033
List the prime factors of 216045735.
3, 5, 1721, 8369
List the prime factors of 81321593.
81321593
What are the prime factors of 216928925?
5, 17, 113, 4517
What are the prime factors of 1316432212?
2, 47, 613, 11423
What are the prime factors of 30508751?
7, 13, 335261
What are the prime factors of 270573005?
5, 1181, 45821
List the prime factors of 172902408.
2, 3, 7, 23, 29, 1543
What are the prime factors of 770453443?
97, 7942819
List the prime factors of 12295085.
5, 11, 223547
List the prime factors of 50324222.
2, 13, 29, 31, 2153
List the prime factors of 216389677.
7, 29, 41, 25999
What are the prime factors of 57635809?
7, 11, 9721
List the prime factors of 1225421068.
2, 8377, 36571
What are the prime factors of 606624001?
19, 29, 223, 4937
What are the prime factors of 981505239?
3, 11, 13, 2287891
List the prime factors of 117183505.
5, 23, 1018987
What are the prime factors of 2151664412?
2, 537916103
List the prime factors of 160378712.
2, 13, 89, 17327
What are the prime factors of 297714091?
53, 5617247
What are the prime factors of 167998337?
13, 994073
What are the prime factors of 1973933391?
3, 657977797
What are the prime factors of 1523760710?
2, 5, 257, 592903
List the prime factors of 9678903.
3, 13, 248177
List the prime factors of 118999004.
2, 281, 105871
What are the prime factors of 98679662?
2, 17, 109, 26627
What are the prime factors of 72412802?
2, 7, 11, 470213
List the prime factors of 151609090.
2, 5, 349, 43441
What are the prime factors of 1213026777?
3, 103, 1308551
List the prime factors of 42346714.
2, 21173357
List the prime factors of 8114733758.
2, 28643, 141653
What are the prime factors of 100638809?
277, 363317
List the prime factors of 545495413.
545495413
List the prime factors of 3766064247.
3, 11, 17, 745903
What are the prime factors of 8343969573?
3, 41, 67837151
List the prime factors of 207202928.
2, 12950183
What are the prime factors of 705605726?
2, 7, 1889, 26681
What are the prime factors of 8405007906?
2, 3, 449, 3119899
What are the prime factors of 633118380?
2, 3, 5, 19, 59, 9413
List the prime factors of 353662820.
2, 5, 7, 107, 23609
What are the prime factors of 1894730271?
3, 7, 23, 1619, 2423
List the prime factors of 68112124.
2, 83, 205157
What are the prime factors of 117552690?
2, 3, 5, 449, 2909
What are the prime factors of 244312068?
2, 3, 7, 11, 13, 43
What are the prime factors of 252768564?
2, 3, 151, 46499
What are the prime factors of 20666827?
20666827
List the prime factors of 7771684511.
167, 46537033
What are the prime factors of 76721318?
2, 38360659
What are the prime factors of 210733418?
2, 7, 2150341
List the prime factors of 440741037.
3, 11, 13355789
What are the prime factors of 2214057370?
2, 5, 7, 83, 381077
What are the prime factors of 1542434580?
2, 3, 5, 8569081
List the prime factors of 51034493.
17, 23, 130523
List the prime factors of 401275374.
2, 3, 66879229
List the prime factors of 245826517.
245826517
What are the prime factors of 328068487?
328068487
What are the prime factors of 138402526?
2, 69201263
What are the prime factors of 3480080430?
2, 3, 5, 4079, 28439
What are the prime factors of 15410053?
71, 127, 1709
List the prime factors of 235903090.
2, 5, 293, 80513
What are the prime factors of 434733895?
5, 86946779
What are the prime factors of 796332751?
17, 89, 163, 3229
List the prime factors of 36401426.
2, 18200713
List the prime factors of 48516981.
3, 41, 79, 4993
What are the prime factors of 186901625?
5, 919, 1627
List the prime factors of 1940207.
47, 41281
What are the prime factors of 97801402?
2, 557, 87793
What are the prime factors of 105489304?
2, 103, 128021
What are the prime factors of 2742023600?
2, 5, 6855059
What are the prime factors of 4400103693?
3, 17, 86276543
List the prime factors of 120412897.
11, 31, 353117
What are the prime factors of 8294971456?
2, 129608929
What are the prime factors of 34117956?
2, 3, 315907
List the prime factors of 11147118.
2, 3, 257, 7229
List the prime factors of 7306634951.
7, 11, 67, 202327
List the prime factors of 230418371.
230418371
What are the prime factors of 147243048?
2, 3, 293, 20939
What are the prime factors of 451873809?
3, 1859563
List the prime factors of 210598050.
2, 3, 5, 13, 107999
What are the prime factors of 71509314?
2, 3, 83, 143593
List the prime factors of 4505474926.
2, 1021, 2206403
List the prime factors of 46846177.
7, 31, 59, 3659
List the prime factors of 39626695.
5, 7925339
What are the prime factors of 158974643?
23, 6911941
What are the prime factors of 16129406?
2, 1907, 4229
List the prime factors of 530708284.
2, 132677071
What are the prime factors of 2429981289?
3, 83, 211, 571
What are the prime factors of 342195407?
8191, 41777
List the prime factors of 43773156.
2, 3, 7, 57901
What are the prime factors of 286197675?
3, 5, 127, 30047
List the prime factors of 4291386320.
2, 5, 13, 4126333
List the prime factors of 310450100.
2, 5, 3104501
What are the prime factors of 639918127?
639918127
List the prime factors of 231043676.
2, 1279, 45161
List the prime factors of 353076779.
11, 379, 84691
What are the prime factors of 2962949298?
2, 3, 139, 3552697
List the prime factors of 328711964.
2, 7, 11739713
List the prime factors of 4929672515.
5, 41, 24047183
List the prime factor